+ 3*g. What is the units digit of o?
8
Let j be -2 - (3 - 4) - -241. Suppose 0 = -2*n - j - 576. What is the tens digit of n/(-5) - (-4)/10?
8
Suppose 2*i + 167 = -135. Let w = i + 86. Let v = 85 + w. What is the units digit of v?
0
Let x(q) = 1205*q**3 - q + 2. Let y be x(1). Suppose 15*k - y = 9*k. What is the tens digit of k?
0
What is the hundreds digit of ((-31)/(-7) - 13)*-3304?
3
Let r(i) = -598*i + 1628. What is the ten thousands digit of r(-23)?
1
Let h be 10 + -6 + 133 + 6. Suppose 0 = -246*w + 247*w - h. What is the hundreds digit of w?
1
Suppose o = f - 6177, -935*o = -f - 931*o + 6171. What is the tens digit of f?
7
Let z = 4237 + -1827. What is the units digit of z?
0
Suppose -5*b = -4*b + 3*m, -4*m - 13 = -3*b. Suppose -b*p - 16 = 20. What is the hundreds digit of (417/p)/(6/(-24))?
1
Let w(p) = -10*p**3 + 1. Let r be w(-2). Suppose 9 = m - 34. Suppose -m = -4*s + r. What is the units digit of s?
1
Suppose -7*z = 2658 - 278. Let x = z - -625. Let l = -76 + x. What is the hundreds digit of l?
2
Let x(o) = 5*o - 116. Let k(l) = 2*l - 58. Let s(z) = -7*k(z) + 3*x(z). What is the tens digit of s(20)?
7
Let g = 26544 - 25902. Let r = -4 + 6. Suppose 5*m = 4*i + 2*m - g, r*i + 2*m = 328. What is the units digit of i?
2
Suppose 0 = -5*p + 269 + 11. Suppose -14*x = -10*x - p. Let l = 0 + x. What is the units digit of l?
4
Let l(t) = t - 30. Let f be l(5). Let i(m) = m**3 - 9*m**2 + 15*m - 9. Let b be i(9). Let c = b - f. What is the hundreds digit of c?
1
What is the units digit of -27*((-1006)/(-24))/((-58)/464)?
4
Let q(p) = -p**3 - 5*p**2 + 2*p - 579. What is the ten thousands digit of q(-28)?
1
Let j(w) = -2*w**3 + 56*w**2 - 80*w + 49. What is the tens digit of j(26)?
7
Suppose 24 - 115 = -x. Let g = x - 92. What is the units digit of (5/(-5))/g*156?
6
Let v = 9 + 0. Suppose -v*n = -0*n - 63. What is the units digit of n?
7
Suppose -a + 3084 = 3*b, 0 = -4*b - 0*b + 4*a + 4096. What is the thousands digit of b?
1
Suppose 838890 + 3207970 = 224*d - 1267540. What is the tens digit of d?
2
Let k(g) = 9*g**3 + 11*g**2 - 7*g - 16. Let l be k(-5). Let b = -520 - l. What is the units digit of b?
1
Suppose 0 = -r - f + 7545 + 33969, -4*r + 166056 = 6*f. What is the tens digit of r?
1
Let r = 1023 + -679. Suppose -3*x + 5*u + 506 = 0, -2*x - 6*u + r = -8*u. Suppose 3*t - 3*l = 339, x + 55 = 2*t - 5*l. What is the hundreds digit of t?
1
Let m = -17 + 56. Suppose -m = -3*g + 1020. Suppose -4*n + 1125 - g = 0. What is the units digit of n?
3
Let p(i) = 5*i + 23. Let r be (-4)/6*21/2. Let g be p(r). What is the units digit of ((-126)/g)/((-1)/(-2))?
1
Let g = -14 + 74. Suppose 5*c - g = -5*c. Suppose 0 = -m + 3*m - c, -5*m = -5*w + 450. What is the tens digit of w?
9
Let d(z) = -28 + 2*z**2 - 72*z**3 - 46*z**3 + 27 - 28*z**3. Let t = -51 - -50. What is the hundreds digit of d(t)?
1
Suppose -2*v - 4*d = -216, 2*v + 2*v = -3*d + 432. Suppose -v = -33*q + 57. What is the units digit of q?
5
Suppose -15*h - 74*h = -3276023 - 468830. What is the thousands digit of h?
2
Suppose -41686 = -5*b - 4*h + 55911, 3*b = 4*h + 58603. What is the tens digit of b?
2
What is the units digit of (2577 - -7)*(-6 + 23)?
8
Suppose 2*v - 19218 = -2*s, 5*s - 48051 = -72*v + 69*v. What is the tens digit of s?
1
Suppose 2*f - 3*v - 9715 = 0, -2*f + 21*v = 19*v - 9716. What is the tens digit of f?
5
Suppose -3*t = 14*u - 19*u - 52522, -25 = 5*u. What is the tens digit of t?
9
Let q be (1 - -8)*4/12. Suppose -5*k - 1407 = -t - q*t, -1765 = -5*t + 5*k. What is the tens digit of t?
5
Let x(g) be the third derivative of g**5/15 - g**4/3 + 4*g**3/3 - 13*g**2 - 17*g. Suppose w = 5*w - 16. What is the tens digit of x(w)?
4
Suppose -4*k + x + 4922 = 0, 7*k + 4*x - 5467 = 3181. What is the tens digit of k?
3
Suppose 333*a = -1095447 + 3844695. What is the units digit of a?
6
Suppose 2*d - 11*l + 12*l = 10, 3*l = -d + 15. Suppose -3*r = 4*x - 0*r - 3111, -d*x + 2336 = 5*r. What is the units digit of x?
7
Let y(p) = -2*p**2 + 12*p + 33. Let i be y(8). What is the hundreds digit of ((i - 2)*3)/(3/(-433))?
4
Let p(s) be the first derivative of 92*s**3/3 + 5*s**2/2 - 44*s - 78. What is the thousands digit of p(4)?
1
Let p(o) = o**3 + 38*o**2 + 37*o - 54. Let z be p(-37). Suppose b - 41 = 64. Let a = b + z. What is the units digit of a?
1
Let p(a) = a**3 + 15*a**2 - 14*a + 35. Let g be p(-16). Suppose g*m + 6 - 24 = -3*r, 4*m - 23 = -3*r. Suppose 0*u - m*u + 465 = 0. What is the units digit of u?
3
Let g(n) = 270*n - 1. Let m be g(3). Let j = -176 - -181. Suppose j*h - m = -189. What is the tens digit of h?
2
Suppose -5*p - 10 = g, 5*g + 2*p + 7 = 3. Suppose g = -w - 2*w + 1107. Suppose w = 3*z + 3*a, -a + 598 = 5*z - 25. What is the units digit of z?
5
Let z = 424 - 88. Suppose 9*x + z = 13*x. Let c = 91 - x. What is the units digit of c?
7
Suppose -19*o + 58915 = -39695. What is the hundreds digit of o?
1
Suppose -43118 = 15*q - 149726 - 129222. What is the hundreds digit of q?
7
Let d = -1708 + 7509. What is the hundreds digit of d?
8
Let w(l) be the second derivative of 2*l**5/15 + 71*l**4/24 - 25*l**3/6 - 33*l. Let z(r) be the second derivative of w(r). What is the units digit of z(8)?
9
Let r(p) = 5*p**2 + 7*p + 13. Let d be r(-8). Suppose -3*n - q + 41 = 0, -48 = -5*n - 5*q + 27. Let v = d + n. What is the units digit of v?
0
Suppose -4*w - 3*h = -3040, 4*w + 2*h = -0*w + 3044. Let r = -96 + w. What is the hundreds digit of r?
6
Let y(j) = -250*j + 591. What is the tens digit of y(-8)?
9
Let r = -333 - -333. Suppose 4*z - 401 - 15 = r. What is the tens digit of z?
0
Let q = 23 + -1. Suppose 0 = -4*y + q - 6. What is the tens digit of 116/3 - y/6?
3
Suppose -k - 1 = 4, 2*k = 4*u - 118. Let n(x) = -1 - u*x - 21 + 39*x. What is the units digit of n(6)?
0
What is the units digit of ((-190530)/(-20) - -12)*(-154)/(-33)?
3
Suppose p = -o + 21, -4*p + 54 - 10 = 2*o. Suppose -o = 9*f - 2. What is the hundreds digit of 5/(5/f) - (-149)/1?
1
Let k = 176 + -174. Suppose 2493 = 11*s - k*s. What is the tens digit of s?
7
Suppose -2*q = 3*k - 1292, -4*k + 0*q + 1721 = q. Let d = k - 65. Let j = -216 + d. What is the hundreds digit of j?
1
Let j be 46/14 + (-8)/28. Suppose j*g = 56 - 17. Let o = -2 + g. What is the units digit of o?
1
What is the tens digit of (442820/560)/(1/4)?
6
Let x be (-1)/(2 - 116/56). Suppose -x*u + 148 = -12*u. Suppose 2*q - u = 52. What is the units digit of q?
3
Let f(a) = 2*a**2 + 10*a + 14. Let w be f(-6). Suppose w = 5*x + 1. Suppose -59 = 4*s - x*s. What is the units digit of s?
9
Suppose -31*g = -56321 - 4439. Suppose g + 179 = 23*f. What is the units digit of f?
3
Let z = 2062 - -4720. What is the units digit of z?
2
Let l = -83 - -29. Let m be ((-16)/6)/((-12)/l). What is the tens digit of (m/(-9)*-11)/(2/(-21))?
5
Suppose -14*o + 275 = 1241. What is the hundreds digit of (-963)/(-6)*(-368)/o?
8
Let p = 181 + -182. What is the hundreds digit of (p - (-2485)/(-28))*(0 + -4)?
3
Let v be 3339/1071 + (-2)/17. Suppose -2*u + v*h + 892 = 0, -4*h + 3 + 5 = 0. What is the tens digit of u?
4
Let d = -860 + 2478. Suppose 0 = 5*t - 3*b - 1588, 5*t - d = 5*b - 28. Let q = t - 201. What is the units digit of q?
6
Let z be -31 - (1 - -2) - 4. Let y = z + 41. Suppose -3*g - 4*t + 372 = 0, y*g - 4*g + 143 = -5*t. What is the units digit of g?
8
Let r(j) = j**3 - 6*j**2 - 21*j + 63. Let w be r(7). Let m(h) = -h**3 - 37*h**2 - 81*h + 40. What is the tens digit of m(w)?
2
Let v(c) = c - 23. Let p be v(27). Suppose t - 905 = 5*y, -p*t + t = y - 2779. What is the hundreds digit of t?
9
Let r = -2409 - -3923. Let p = -884 + r. What is the hundreds digit of p?
6
Let k = -4399 - -11848. What is the units digit of k?
9
Let l be ((-115)/20)/(8/(-544)). What is the tens digit of l/1 - (-14 + 12)?
9
Let a(g) = -28*g - 119*g**2 + 7*g + 14 + 118*g**2 + 6. What is the hundreds digit of a(-9)?
1
Suppose -11*i - 10*i + 419504 = -5*i. What is the tens digit of i?
1
Suppose 0 = 2*j + 5*i - 4329, 3*i - 20 = 4*j - 8743. What is the thousands digit of j?
2
Let z be 4 + (-3 - 0 - 2). Let u(r) = 28*r**2 + 1. Let d be u(z). Let c = 98 + d. What is the tens digit of c?
2
Suppose 492 = 4*s - 288. Suppose 4*p - 39 = -2*d + 31, 0 = 4*d - 3*p - s. What is the tens digit of d?
4
Suppose -25 = -6*h + 5*h